ulate ((-11 - -9) + -15 - -2) + 3 - 4.
-16
Calculate 12 + -24 + 4 + 5 + -1 + 6.
2
Calculate -7 + (-2 - (2 + 2 - 9)) + 5.
1
What is 1 + -8 + -2 + -1 + 0?
-10
What is the value of (-9 + -14 - -5) + 9?
-9
Evaluate -5 + ((-2 - 5) + 5 - (0 + -15)).
8
Evaluate 2 + -1 + 9 + (7 - (11 - -16)).
-10
What is the value of 32 + (6 - 26) - 35?
-23
Evaluate -5 + -11 + 10 + 0 + 11 + 2.
7
Evaluate (8 - 3) + (-2 + -22 - (-111 + 110)).
-18
Calculate 9 - 11 - (-10 - (-1 - 4) - -4).
-1
-8 + -5 + 54 - 27
14
Calculate 300 + -297 + -2 + -30.
-29
What is (-26 - -1) + 181 + -168?
-12
What is the value of -1 + 30 + -7 + -14?
8
What is the value of -4 + -1 + (-5 - (-28 + 14))?
4
Calculate (4 - 2) + -3 - (-4 + (-9 - -13)).
-1
What is -1 + 1 - ((-37 - -42) + (1 - 6))?
0
Calculate -1 + 1 + -2 - (0 - (-10 - -23)).
11
Evaluate 2 + -54 + (-16 - -30) + 17.
-21
What is the value of (7 - (13 - 13)) + -3 - (-5 + -2)?
11
What is the value of -9 + (26 - 11 - -6)?
12
Evaluate (8 + 5 + -7 - -5) + 0.
11
Calculate 7 - (11 - (9 + -1 + -9)) - 7.
-12
10 - (-6 + 0 + 4 - -5)
7
12 + (-2 - -2) + -4 + 0
8
What is (-1 - -2) + -2 + 1727 + -1723?
3
Calculate -20 - -24 - (-2 + 1 + 29 + -38).
14
22 + (-8 - (-5 + -4) - 11)
12
Calculate 1 + (7 - (-9 + -3)).
20
What is (-18 + 27 - 2) + 7 + -2?
12
14 - 1 - (1 + 2 + (10 - 8))
8
Calculate 1 + (-1 - (9 - (0 - -4))) - 9.
-14
What is 25 + (-13 - (11 - 15)) + 9?
25
Evaluate (5 - (-2 + (2 - 2))) + (83 - 82).
8
What is 1 + (14 - (21 + -2))?
-4
Calculate (-3 - 1) + 24 + 30 + -50.
0
Calculate (-16 + 23 - -2) + -7.
2
Calculate 7 - (-11 + 12 + -6 - (-2 - 1)).
9
Calculate 22 + -15 + 1 - (5 - -1).
2
Calculate (2 - 16) + (15 + -13 - (-2 - -2)).
-12
What is (-12 - -3 - (-5 + 1)) + 24?
19
What is 11 + (-14 + 21 + -19 - -23)?
22
What is the value of 0 + 16 + -20 + -5?
-9
What is 24 + -5 + 15 + -15 - 5?
14
What is the value of -246 + 260 + (-22 - -1)?
-7
What is -11 + 17 + 15 + -31?
-10
(33 - -21) + -47 + (0 - -6)
13
What is 0 - ((0 - -11) + (-37 - -55))?
-29
Evaluate -6 + (9 - 15) - (-14 + 19).
-17
What is 1 - -7 - (31 + -27)?
4
24 + (-3 - (-4 + 3)) + (9 - 4)
27
What is the value of -9 - (-1 + -17 + 7 - 0)?
2
Evaluate 9 - 1 - -8 - 7.
9
5 - (20 + -1 - (-78 - -77))
-15
(15 - (31 - 12)) + (-5 - (3 + -17))
5
Calculate -8 + 15 - (2 - -8) - (-1 - -3).
-5
41 + -1 + (-169 - -157)
28
10 - 8 - -2 - 3
1
What is the value of -455 + 428 + 2 + 1 + 0?
-24
-1 + (-6 + -18 - -7 - -24)
6
What is (-11 - (0 - -2)) + (-22 - -41 - 11)?
-5
Calculate 4 - 5 - 0 - (-52 + 41).
10
-1 + (0 - 2 - (-1 - 9 - -15))
-8
What is -38 - ((-36 - -23) + -35)?
10
Calculate 11 + -29 + 15 + -20.
-23
Calculate 2 - ((-9 - -1) + (-2 - -9)).
3
Evaluate (64 - 70) + -3 + 2 + 1 + 7.
1
Calculate (-9 - -39) + -15 - 5.
10
What is -2 - (3 - (0 + 5) - (28 - 6))?
22
What is -30 + -31 + 30 - -40?
9
Calculate 3 + -4 + -2 + -4.
-7
Calculate -19 - (34 - 49) - (-23 - 2).
21
Calculate -20 - (6 - (20 - 7)) - -4.
-9
What is the value of 28 - (0 - -8) - 10 - (-17 + -4)?
31
Calculate 29 + (-26 - (-15 + -16)).
34
What is 6 - (27 - 23) - 5?
-3
Calculate 3 + (3 - -7) + -2 + -7.
4
What is the value of -6 + (-7 - -3 - (-5 + (1 - -21)))?
-27
What is (18 - -12 - 2) + -5 + 0?
23
-12 + 0 + -25 + 6 + 51
20
(-45 - -18) + 19 + (2 - -5)
-1
Calculate 36 - 60 - (1 - (5 - -2)).
-18
What is the value of 57 + (45 - 86) - (1 - 5)?
20
37 - (-15 - -26) - (14 - 0)
12
Evaluate (-14 - 0 - (-15 + 16)) + 7.
-8
What is -3 - (-22 + (10 - (-1 - -2)))?
10
What is the value of 2 + (1 + -19 - (47 - 41))?
-22
What is the value of 4 + 0 - (-9 + 9) - 15?
-11
What is (-1 + 4 - 19) + 58 + -50?
-8
Calculate -14 + 18 + 9 + -1 - 20.
-8
Calculate 3 + (-6 + 11 - (0 - (0 + -1))).
7
0 - (13 + -13 + 5)
-5
What is the value of 4 - (-6 + 0 + (1 - 6))?
15
Evaluate 23 - (-12 - 10 - -11).
34
What is the value of -19 + 6 + 2 - (-11 + 6)?
-6
-5 + 17 + (-11 - (-2 - -18))
-15
Calculate (-24 - -13) + 13 + 0 - 11.
-9
(16 - 32) + -5 + (13 - 1)
-9
Evaluate 0 + 44 + -36 + 10.
18
What is 29 - (-4 - -9) - (4 + 10 - 8)?
18
Evaluate -66 + 74 - (-21 - 2 - (-2 - 2)).
27
What is (-1 - (1 - 5)) + (-1 + 6 - -2)?
10
0 - 8 - (-2 - (-13 + 8))
-11
79 + -91 + (-1 - 1)
-14
What is 5 - (-1 + 0 + 13 + -8)?
1
What is -15 - (-18 + 4 + 1)?
-2
Calculate (18 - (-3 - -16)) + -14.
-9
What is the value of -14 + (-5 - (-29 + 33))?
-23
Calculate 11 - (11 - 8) - (-3 + -1).
12
4 + 3 + 9 + (-4 - 4) + -24
-16
Evaluate 1 + -1 + -16 + 65 + -36.
13
Evaluate (-4 - 13) + 21 - (-3 - -24).
-17
Evaluate 4 + -2 + (0 - 3) + (3 - 5).
-3
What is -55 + 12 + 4 + 18 - -18?
-3
Evaluate 4 + (-12 + 5 - -3) + -4 - -8.
4
Calculate (11 + (9 - 19) - 1) + 8.
8
Evaluate 9 + 71 + -46 + -6.
28
-1 + -4 + (56 + -16 - 32)
3
What is (-10 - 40 - -20) + 16?
-14
Calculate (-470 - -473) + (0 + -1 + 0 - -1).
3
Calculate -12 + 3 - (-79 - -34) - 10.
26
What is 11 - (-2 + 1 - (-40 + 28))?
0
Calculate (-4 - ((-16 - 1) + 2 + -5)) + -2.
14
Evaluate (2 - -12) + 1 + 447 + -445.
17
Evaluate 49 + -27 + -5 + -1.
16
Evaluate -12 + 8 + (-13 - -3) + 10.
-4
What is (2 - (-12 - -7)) + (-25 - -1)?
-17
Calculate -2 - -57 - (-16 - -47).
24
Evaluate 26 + -13 + -22 + 17.
8
What is the value of 11 - (1 + 3 - (-11 + 8 - -8))?
12
Evaluate 20 + -214 + 207 + -7 + 0.
6
What is the value of (-4 - (11 + (-11 - -5))) + 21?
12
-39 - (27 + 12 - 58)
-20
Evaluate 1 - -1 - (1 + 0) - (316 - 315).
0
Evaluate (21 - 7) + (-6 - -1) + -15.
-6
What is -8 - ((16 - 36) + -2 + 0)?
14
What is the value of 11 + 1 + -11 + 8 - 7?
2
What is 6 + (3 - (-5 + -4)) + -1?
17
Calculate 43 - -9 - (4 - -23).
25
What is the value of 179 + -187 + 8 + -1?
-1
What is the value of 7 - (-5 + (-8 - -8)) - (-12 + 16)?
8
What is the value of 5 + (10 - 0) + -25 + 25?
15
Calculate 131 - 95 - 70 - (-1 + -1 + 0).
-32
Evaluate 20 + -38 - (14 + -67).
35
(-13 - (8 - 18)) + 8 + 7
12
Calculate (-2 - (-1 - -2)) + (-7 - -12).
2
-9 - ((-28 - -29) + -7)
-3
What is the value of 15 - -15 - 15 - 36?
-21
What is the value of -23 - (28 - 37 - (4 - 10 - 1))?
-21
What is the value of (0 - 10) + (-81 - -84)?
-7
Calculate 19 - (-42 + 78 + -19).
2
What is -4 + 25 + -7 + 0?
14
What is the value of 17 + (16 + -25 - ((2 - 0) + -3))?
9
What is -11 + -13 + 3 + 17?
-4
What is the value of 12 - (-6 - (-4 - 8)) - 11?
-5
What is the value of 0 + (10 + -4 - 11) + 0?
-5
Calculate (-18 - (8 - 8 - (1 + 1))) + -4.
-20
What is the value of -6 - (-7 + 13 + -16 + 6)?
-2
Calculate (-9 - -37) + -18 - (20 + -2).
-8
What is the value of 3 + 2 + -5 - (31 + (-41 - -43))?
-33
Evaluate 7 - -1 - ((-11 - 3) + 12 - 7).
17
Evaluate 3 + (15 - (18 - -7)).
-7
What is 46 + -21 + 3 - 49?
-21
Evaluate (9 - 12) + -2 + -3 - -8.
0
What is 6 + (6 - (1 + 2)) - (-8 + 5)?
12
What is 3 - ((12 - (-1 - -8)) + 17)?
-19
What is the value of 0 + 4 + (-13 - (1 - 4))?
-6
What is (11 - (8 + -24)) + -20?
7
What is the value of (0 + 22 - ((-9 - -12) + 4)) + 4?
19
Evaluate -4 + -2 - ((0 - 1) + (-15 - 2)).
12
10 + (11 - (-9 - -1 - -15))
14
Calculate 240 + -229 - ((-4 - -14) + -1).
2
What is 2 + (-11 + 13 - 8 - -10)?
6
What is the value of -6 + -1 + (29 - -39) + -81?
-20
Calculate (2 - 3) + (-9 - (16 - 15)) - 21.
-32
Calculate -379 + 402 + (-10 - -1).
14
What is the value of (87 - 98) + 4 + -2 + -6 + 10?
-5
What is the value of 6 + -15 + (-8 - (2 + -8))?
-11
What is -33 + 29 - (-3 + -22)?
21
What is 1 + (-4 - -1) - ((10 - 4) + -7)?
-1
What is (13 - 16 - 8 - -20) + -5?
4
What is -7 - (0 + -3 + -2) - -2?
0
What is the value of 89 - (-61 - -131) - (1 + -3 - 1)?
22
What is the value of -42 + 54 + 1 - (1 - 16)?
28
(-8 - -12) + (0 - 2)
2
What is the value of -5 + 7 - ((10 - (-26 + 2)) + -2)?
-30
-5 + -9 + 46 + -16
16
What is the value of 0 + 4 - 7 - -7 - -2?
6
Calculate (13 - (37 + (-9 - -10))) + 4 + 0.
-21
Evaluate 8 + ((-3 - 4) + -7 - -6).
0
28 + (-1 - (7 - -10))
10
What is the value of (-151 - -162) + -1 + 10?
20
39 - (-10 + 51 + -18 + -15)
31
-10 + (6 + -7 + 7 - (0 + 4))
-8
What is 0 + -19 + 4 + -12 + (9 - -2)?
-16
What is 16 + -15 - (4 + 7) - (-1 - 3)?
-6
What is 75 + -61 - (-2 + 23)?
-7
Calculate -39 + 4 + -277 + 312.
0
What is the value of -6 + -8 + 12 + -11?
-13
Evaluate 21 + (-1 - (5 - 3)).
18
2 - (0 + -61 + 35)
28
Calculate (-28 - (-3 - 1)) + (47 - 35).
-12
Calculate (1 - 1) + -6 + -5 + 11.
0
Calculate 27 - 9 - 5 - (-4 + 2 + 3).
12
What is 7 + (-25 + 13 - (-4 - 4)) + 3?
6
Calculate 11 - 5 - -10 